2
Let f(w) = w**3 + 8*w**2 - 14*w - 47. Give f(-9).
-2
Let a(t) = -t**2 - 14. What is a(-4)?
-30
Let g(d) = d**2 - 10*d + 5. What is g(9)?
-4
Let f(p) = -p**3 - 8*p**2 - 9*p + 7. Give f(-7).
21
Let s(t) = -t**3 - 10*t**2 - 6*t - 7. Calculate s(-10).
53
Let y(h) = -6*h - 9. Give y(-3).
9
Let n(g) = 2*g**3 + 5*g**2 + g - 3. Calculate n(-3).
-15
Let o(i) = 26*i**2 - 3*i + 5. Give o(2).
103
Let s(t) = -13*t - 4. Calculate s(-1).
9
Let q(u) = 2*u - 4. Determine q(1).
-2
Let m(r) = -3*r - 31. Give m(11).
-64
Let f(i) = -28*i + 106. What is f(4)?
-6
Let p(u) = 3*u**3 - 3*u**2 - u - 2. What is p(2)?
8
Let r(f) = -f**3 - 14*f**2 - f - 9. Calculate r(-14).
5
Let x(a) = -a**2 - 3. Calculate x(0).
-3
Let i(s) = s**2 + 11*s - 2. Determine i(-8).
-26
Let a(h) = h - 11. What is a(10)?
-1
Let v(a) = -a**3 - a**2 - 2*a + 73. Give v(0).
73
Let k(a) = -9*a**3 + 25*a**2 - 22*a - 2. Determine k(1).
-8
Let y(o) = -3*o**3 - o**2 + 2*o - 1. Give y(1).
-3
Let q(x) = -15*x + 20. What is q(0)?
20
Let x(v) = 5*v + 143. Calculate x(-22).
33
Let f(p) = 2*p**2 + 14*p + 33. Calculate f(-7).
33
Let a(p) = p**3 + 7*p**2 + 7*p - 2. What is a(-5)?
13
Let z(y) = -13*y + 601. Determine z(45).
16
Let g(c) = -4*c - 28. Give g(-5).
-8
Let d(n) = -n - 1. Determine d(6).
-7
Let r(u) = -4*u + 12. Determine r(4).
-4
Let l(j) = -j**2 + 12. Calculate l(-5).
-13
Let h(c) = 3*c**2 - 34*c + 33. What is h(13)?
98
Let h(p) = 2*p**3 + 17*p**2 - 5*p - 1. Determine h(-9).
-37
Let k(s) = s**2 - 6*s - 6. Determine k(5).
-11
Let n(m) = -m**2 + 12*m + 19. Calculate n(13).
6
Let z(k) = -k**2 + 28*k - 12. Give z(22).
120
Let v(n) = n**2 - n - 1. Calculate v(2).
1
Let x(i) = -i**3 - 3*i**2 - 2*i - 5. Calculate x(-3).
1
Let i(h) = -h**2 - h + 5. Calculate i(-5).
-15
Let h(k) = k**3 + 2*k**2 - 7*k - 3. What is h(-3)?
9
Let c(q) = 69*q**2 + 4*q + 5. What is c(-1)?
70
Let d(q) = -q**2 - 7*q. What is d(-8)?
-8
Let b(l) = 2*l**2 - 11*l - 6. What is b(8)?
34
Let o(v) = 8*v**2 - 34*v - 1. Calculate o(4).
-9
Let k(t) = 5*t**2 - 1. Give k(-1).
4
Let x(c) = 6*c - 21. Determine x(4).
3
Let y(b) = -b**3 - 28*b**2 + 93*b + 7. Give y(-31).
7
Let n(t) = t**2 + 6*t - 15. What is n(-9)?
12
Let l(c) = -c**3 + 11*c**2 + 13*c - 3. Determine l(12).
9
Let v(f) = 2*f**3 + 14*f**2 - f - 9. Determine v(-7).
-2
Let a(v) = v**3 + 15*v**2 + 2*v + 21. Determine a(-15).
-9
Let p(o) = -o**2 - 2*o + 16. Give p(4).
-8
Let k(w) = -w**2 - 8*w + 15. Calculate k(3).
-18
Let s(q) = q - 16. What is s(6)?
-10
Let c(g) = -g + 24. Calculate c(6).
18
Let f(y) = y**3 - 11*y**2 + 11*y + 9. Give f(10).
19
Let u(i) = -24*i + 427. Calculate u(18).
-5
Let i(t) = 2*t**3 - 12*t**2 + 5*t + 4. Calculate i(5).
-21
Let w(n) = n**3 + 8*n**2 + 6*n - 7. Give w(-6).
29
Let j(t) = 2*t**3 + 9*t**2 - 4*t + 14. Calculate j(-5).
9
Let g(b) = 52*b - 358. Determine g(7).
6
Let o(m) = m**3 - 17*m**2 + 2*m - 28. What is o(17)?
6
Let y(h) = -h**2 + 9*h - 30. What is y(13)?
-82
Let y(v) = -v**3 - 10*v**2 - v + 15. Determine y(0).
15
Let v(u) = -2*u**3 + 5*u**2 + 14*u - 5. What is v(6)?
-173
Let w(n) = 21*n + 62. Give w(-2).
20
Let n(u) = u**3 - 9*u**2 - 7*u - 12. What is n(10)?
18
Let v(c) = c**3 - 4*c + 4. Calculate v(2).
4
Let y(v) = -262*v + 1829. Determine y(7).
-5
Let g(v) = v**3 - 10*v**2 + 8*v + 2. Give g(9).
-7
Let j(t) = 52*t - 302. Determine j(6).
10
Let h(b) = -b**3 - 5*b**2 + 6*b + 6. Give h(-6).
6
Let z(v) = -2*v**3 + v**2 - v + 3. What is z(0)?
3
Let u(h) = -h**3 - 5*h**2 + 8*h + 18. Give u(-5).
-22
Let a(l) = l**3 + 2*l**2 - 8*l - 15. Give a(-5).
-50
Let u(r) = -2*r - 8. Calculate u(-3).
-2
Let a(c) = -3*c**2 - 4*c - 3. Determine a(-3).
-18
Let u(g) = 2*g**2 - 26*g + 62. What is u(15)?
122
Let q(p) = p**2 - 15*p - 8. What is q(16)?
8
Let t(i) = 2*i**3 - 4*i**2 - 3. What is t(5)?
147
Let v(r) = r**2 - 4*r + 13. Give v(3).
10
Let g(f) = f**2 - 32*f - 106. Give g(35).
-1
Let j(n) = n**3 - 6*n**2 + 2*n + 4. Calculate j(5).
-11
Let m(i) = -3*i**2 - 76*i - 96. Calculate m(-24).
0
Let t(c) = c**2 - 13*c + 3. Determine t(5).
-37
Let p(r) = -2*r**2 - 7*r - 3. Determine p(-3).
0
Let d(i) = 62*i**3 + i**2 + 1. Give d(1).
64
Let d(b) = 4*b - 10. Give d(-3).
-22
Let h(w) = w**3 - 6*w**2 + 2*w - 2. Give h(6).
10
Let r(j) = -j**3 + 4*j**2 - 3*j - 7. Calculate r(3).
-7
Let j(h) = h + 2. Give j(6).
8
Let l(i) = 2*i**2 - 111*i - 167. Determine l(57).
4
Let a(j) = -j**3 - 4*j**2 - 3*j - 6. Calculate a(-4).
6
Let r(d) = d**2 + 14*d + 48. Calculate r(-7).
-1
Let k(c) = 2*c + 9. Determine k(-12).
-15
Let j(s) = -21*s - 7. Give j(-2).
35
Let p(q) = -79*q**2 - 2*q - 2. Give p(-1).
-79
Let a(y) = -y**3 - 18*y**2 - y - 4. Determine a(-18).
14
Let n(j) = j**2 + 5*j + 3. What is n(-3)?
-3
Let z(q) = -62*q - 105. Give z(-2).
19
Let k(i) = i**3 + 11*i**2 + 8*i - 11. Determine k(-10).
9
Let t(y) = y**2 + 12*y + 2. What is t(-14)?
30
Let d(m) = m**2 - 11*m - 132. Give d(-7).
-6
Let s(n) = n + 2. What is s(-3)?
-1
Let g(u) = u**3 + 9*u**2 - 10*u + 12. Determine g(-10).
12
Let t(v) = -v**3 - 6*v**2 - 9*v - 4. Calculate t(-5).
16
Let p(z) = 2*z**3 + 13*z**2 - 41*z - 295. What is p(-6)?
-13
Let q(o) = o**3 - 7*o**2 - o + 2. Determine q(-3).
-85
Let l(i) = 2*i**2 + 18*i - 4. Give l(-7).
-32
Let r(g) = -4*g - 8. Give r(-4).
8
Let t(c) = -c**2 + 7*c - 14. Calculate t(8).
-22
Let z(d) = -13*d - 17. What is z(-2)?
9
Let f(t) = -2*t. Determine f(2).
-4
Let t(g) = -2*g + 16. Determine t(5).
6
Let d(p) = -p**3 + 8*p**2 - 7*p - 27. What is d(6)?
3
Let g(i) = i**2 + 8*i + 4. Determine g(-5).
-11
Let i(s) = s**2 - 6*s - 1. Determine i(7).
6
Let i(p) = -4*p + 13. Give i(-18).
85
Let l(n) = n**3 - 2*n + 16. Determine l(0).
16
Let x(q) = -q**3 + 22*q**2 - 14*q - 141. What is x(21)?
6
Let f(w) = -w**2 - 13*w + 1. What is f(-8)?
41
Let p(m) = -3*m**3 + m**2 - 2*m. What is p(2)?
-24
Let n(v) = 26*v - 7. Determine n(-3).
-85
Let h(k) = 2*k**3 + 8*k**2 + k + 1. Determine h(-4).
-3
Let w(n) = n**3 - 10*n**2 - 13*n - 10. Determine w(11).
-32
Let o(f) = -26*f**2 + 154*f + 13. Determine o(6).
1
Let k(l) = -l**3 + 6*l**2 - 7*l + 5. Give k(6).
-37
Let r(k) = -k**3 + 3*k**2 + 2*k + 6. Calculate r(3).
12
Let p(y) = -6*y - 50. Determine p(-8).
-2
Let a(k) = 2*k - 1. What is a(10)?
19
Let k(s) = -4*s + 76. Determine k(19).
0
Let h(z) = z**3 + 8*z**2 - 9*z - 3. Give h(-9).
-3
Let f(s) = -s**2 - 8*s - 9. Calculate f(-5).
6
Let x(l) = -l - 13. Determine x(-9).
-4
Let y(r) = -r**2 - 9*r + 9. Calculate y(-8).
17
Let p(a) = 4*a - 3. What is p(8)?
29
Let w(t) = -13*t + 4. What is w(-3)?
43
Let s(j) = j**3 - 4*j**2 + 5*j - 3. Determine s(4).
17
Let f(z) = z**3 - z**2 + z - 35. Give f(0).
-35
Let j(g) = 2*g - 14. Give j(6).
-2
Let t(v) = -v**3 + 13*v**2 - 2*v + 9. Give t(13).
-17
Let b(w) = w**3 + w**2 + 8*w - 1. Give b(0).
-1
Let u(c) = c - 21. What is u(7)?
-14
Let y(p) = -3*p - 7. Determine y(-3).
2
Let t(q) = q**3 + 8*q**2 - 6. Calculate t(-7).
43
Let w(h) = -18*h. Determine w(-2).
36
Let b(k) = -k**2 + 10*k + 4. Calculate b(10).
4
Let a(g) = g**3 - 7*g**2 - 2*g + 13. Give a(7).
-1
Let c(t) = -t**2 + 13*t - 45. What is c(8)?
-5
Let n(s) = -25*s + 60. What is n(2)?
10
Let d(q) = -q**2 - 5*q + 87. What is d(-11)?
21
Let h(y) = y**3 - 7*y**2 + 6*y + 8. Determine h(6).
8
Let a(l) = -2*l - 62. What is a(-35)?
8
Let z(j) = -j**3 + 5*j**2 - 5*j - 3. Calculate z(2).
-1
Let q(d) = d**2 - 6*d - 6. Determine q(7).
1
Let m(o) = -o**2 + 8*o + 44. Determine m(-3).
11
Let u(x) = 2*x**2 - 14*x + 30. Determine u(3).
6
Let b(a) = a - 47. Determine b(42).
-5
Let x(n) = 2*n**2 - 2*n - 6. Calculate x(-3).
18
Let n(j) = -7*j + 9. Give n(-4).
37
Let p(x) = 2*x + 7. What is p(-5)?
-3
Let l(d) = -10*d + 322. Determine l(30).
22
Let b(q) = -12*q**2 - 48*q - 12. Give b(-4).
-12
Let d(j) = 7*j**2 + j - 3. Calculate d(1).
5
Let z(y) = -y**2 - 12*y + 6. Determine z(-13).
-7
Let u(r) = -r**3 + 11*r**2 + 13*r - 10. Calculate u(12).
2
Let t(w) = 2*w - 23. Determine t(-15).
-53
Let r(t) = t - 35. Determine r(8).
-27
Let t(b) = b**2 + 9*b + 6. Calculate t(-7).
-8
Let v(d) = d**3 - 2*d + 35. Calculate v(0).
35
Let v(t) = 4*t + 38. Determine v(-9).
2
Let o(f) = -f**2 - 9*f + 9. Calculate o(-11).
-13
Let w(m) = -15*m - 92. Give w(-7).
13
Let x(p) = -27*p**2. Calculate x(1).
-27
Let r(l) = 2*l**2 - 18*l + 27. Determine r(8).
11
Let r(b) = b**3 - 3*b**2 - 4. Det